 -22*x**3 - 3*x**2 + 0 - 5*x + 1 + 28*x**3. Let a(c) = 4*l(c) + 5*z(c). Let h = 2 + 2. Calculate a(h).
-2
Suppose -x + 12 + 2 = -2*f, -f - 25 = -5*x. Let b(n) = -x + 3*n + n + 14 - 8*n. Let o be b(4). Let q(m) = -m**3 - 7*m**2 - 6*m + 5. Give q(o).
5
Let u(o) = o**2 + 2*o - 3. Let g be 0/((-32)/4) - 1*-2. Determine u(g).
5
Let i be (-5)/10*0/(-2). Suppose 4*f = r + 10, i*f + 4*r = -4*f. Let b(g) = 29 + 19 + f*g - 48. Determine b(4).
8
Let a(b) = b**3 + 2*b**2 + 2*b + 1. Suppose -18*s - 45 = -3*s. Determine a(s).
-14
Let g(d) = 2*d - 6. Let n be g(12). Let a = n - 15. Let z(b) = -a*b**2 + 2*b**3 - b + 5*b - 1 - 3*b. What is z(2)?
5
Let l(g) = 9*g**2 - 2*g + 1. Let w be ((-1)/3)/(10/(-90)). Suppose -w*h = -32 - 4. Suppose 3*m = -0*m - 2*o + 11, -3*o + h = 0. Give l(m).
8
Let g(j) be the second derivative of j**3/3 - 3*j**2/2 + 51*j - 2. What is g(5)?
7
Let a(b) = -2*b**2 - 17*b + 10. Let k be (-4 - -5)/((28/(-36))/7). Give a(k).
1
Suppose g - 1 = 2*g. Let k(i) be the third derivative of 0*i**3 - 7*i**2 + 0*i + 0 - 1/8*i**4. What is k(g)?
3
Let t(m) = 0*m - 1 + 73*m**2 - 72*m**2 - 2*m + m**3. Give t(-1).
1
Let y(b) be the first derivative of -b**4/4 + 5*b**3/3 + 3*b**2 + 5*b - 35. Let g(u) = -u**2 - 10*u - 3. Let t be g(-9). Calculate y(t).
5
Let u(x) = -x - 1. Let y = 34 - 34. Let o be (y + -1)*(1 + -1). What is u(o)?
-1
Let b(u) = u**3 + u - 1. Let g = 41 - 42. Let w(r) = 5*r**2 + r + 5. Let o(j) = g*w(j) - b(j). Give o(-3).
-16
Let u be (-156)/(-91)*(-1 + 8). Let q(p) = -p**2 + 9*p - 5. Let i be q(7). Suppose 0 = -i*s + u*s - 3. Let l(y) = -2*y - 1. Determine l(s).
-3
Let r(u) = u**3 - 23*u**2 + 3 + 32*u**2 + 8 + 0*u**3 - 9*u - 2*u**3. Give r(8).
3
Let s(z) = z**3 - 2*z**2 - 2*z + 2. Suppose 1 = -3*c + 2*x - 0*x, 5*x - 8 = 2*c. Suppose 8*b - 27 = 3*b - 3*k, -3*b + 2*k + c = 0. What is s(b)?
5
Let h(d) = -110744*d + 110744*d + 2 - d**2. Give h(-2).
-2
Let h(w) = -3*w - 15. Let q(z) = -2*z - 12. Let n(f) = 3*h(f) - 4*q(f). Suppose -3*d = -4*g - 28 - 6, -2*d = -4*g - 28. What is n(d)?
-3
Let l(c) = c**3 - 10*c**2 + 9*c - 3. Let o(a) = 17*a**3 + a. Let v be o(1). Let m = v + -9. Let i be l(m). Let t(n) = n**2 + 2*n - 3. Give t(i).
0
Let j(z) = 4*z - 1 - 5 + 4 + 10*z**2 - 14*z**2. What is j(2)?
-10
Suppose -2*h + 4*d + 24 = 0, -2*h + 5*h - 21 = 3*d. Let s(y) = y**3 - y**2 + 2*y. What is s(h)?
8
Suppose -20*f + 18 = -18*f. Let u(k) = -k**3 + 8*k**2 + 5*k + 7. What is u(f)?
-29
Let y(r) = r**3 + 11*r**2 - 21*r - 109. Let z be y(-12). Let s(n) = 12*n**3 + 1. Give s(z).
-11
Let r(g) = 2*g**3 - 9*g**2 - 8*g + 1. Let a(c) = -c**3 + 5*c**2 + 4*c. Let f(y) = -5*a(y) - 3*r(y). Determine f(3).
0
Let l(h) = 11*h**2 - 29*h + 26. Suppose 28 = -3*m + 4*g, 4*m + 33 - 4 = -3*g. Let i(q) = 7*q**2 - 19*q + 17. Let t(p) = m*i(p) + 5*l(p). Determine t(6).
0
Let k(y) = -y**3 - y**2 - y + 1. Let d(o) = -2*o**3 + 5*o**2 - 3*o - 5. Let f(z) = d(z) - k(z). Let g = -90 - -95. What is f(g)?
9
Let t(k) = -10*k - 3. Let b = 757 + -759. Give t(b).
17
Let h(t) = 15*t - 10. Let k(w) = 4 + 3*w - 5*w - 3*w. Let x(q) = -4*h(q) - 11*k(q). Calculate x(3).
-19
Let i(p) be the second derivative of 2*p**3/3 + 4*p. Determine i(3).
12
Let h(d) be the first derivative of -3*d - 5/2*d**2 - 12. Give h(-2).
7
Let y(r) = -r**3 + 9*r**2 + 21*r + 8. Let o be y(11). Let k(j) = -j**2 - 4. Give k(o).
-13
Let a(v) = v**2 - v - 1. Let d(o) = o**3 - 3*o**2 + 10*o + 11. Let m(b) = 6*a(b) + d(b). Determine m(-3).
-7
Let x = -65 - -67. Let n(w) = -6*w**2 + 2*w**2 - 9 + 2*w**x + w**2 - 6*w. Determine n(-7).
-16
Suppose 0*v = 2*l + 5*v + 22, 0 = -2*v. Let s(m) = -7*m - 13. Let t(u) = 13*u + 25. Let g(x) = l*s(x) - 6*t(x). What is g(6)?
-13
Let x be 4/(-4) + 9/3. Suppose -m + x*m = 2*b - 17, -3*m - 30 = -3*b. Let h(t) = t**3 - 7*t**2 + 2*t - 6. What is h(b)?
8
Let w(y) = y**3 + 4*y**2 + y + 5. Suppose -a - 1 = -3, 2*c - 68 = -a. Suppose -10*v - 7 = c. Determine w(v).
1
Let z(r) = -2*r**3 - 7*r**2 - 7*r - 23. Let b be z(-3). Let w(v) = v**2 + 13*v - 16. Give w(b).
-38
Let c(d) = 4*d + 82. Let t be c(-20). Let p(x) = 8*x**2 - 9*x**2 + t*x + x. Determine p(-3).
-18
Let p(c) = c**2 + 11*c + 6. Let o be (-2)/((-9)/(-3) - 4). Let i(r) = -3*r**2 + r. Let d be i(o). What is p(d)?
-4
Suppose -15*f + 10 = -20. Let i(q) be the third derivative of 1/24*q**4 + 1/60*q**5 + 0*q**3 + 0*q - q**f + 0. Give i(-1).
0
Let a(h) be the third derivative of -h**6/120 + h**5/30 + h**4/12 - h**3/3 + 54*h**2. Let d(g) = -g**3 + 4*g**2 + 2*g - 6. Let z be d(4). Give a(z).
2
Let j(f) = 1. Let y(d) be the first derivative of -d**2/2 + d - 2. Let i(v) = 5*j(v) - y(v). Calculate i(3).
7
Let v(k) be the third derivative of -k**6/120 + 3*k**5/10 + 7*k**4/8 - 25*k**3/6 - 341*k**2 - 1. Determine v(19).
13
Let d(b) = 2*b - 12. Let q(v) = 7*v - 54. Let c(o) = 9*d(o) - 2*q(o). Give c(5).
20
Let r(q) = 9*q - q**2 + 7 - 4 + 11. Let l be r(10). Suppose -2*u + 12 = l. Let t(n) = n**3 - 4*n**2 - 3*n + 5. Determine t(u).
-7
Suppose 3*x = -4*i - 4 + 1, 4*i = 5*x + 37. Let w be (11/i - 3)*3. Let t(s) = s**3 - 2*s**2 + 3*s - 1. What is t(w)?
5
Let m = -3 + -4. Let u = m - -3. Let b(c) = -645 - 3*c**2 + 5*c + 1280 - c**3 - 638. Calculate b(u).
-7
Let x(r) = 13 + 4*r + 5*r + 9*r - 21*r. Determine x(3).
4
Let f(b) = b**3 - b**2 - b + 1. Suppose 2*t - 14 = 18. Let s be 24/t*(-4)/3. Let i be 1*4 + s + 0. Give f(i).
3
Let x(d) be the third derivative of -d**4/4 - 5*d**3/3 - 429*d**2. Determine x(-5).
20
Let t(m) be the third derivative of -m**7/2520 + m**6/360 + m**5/30 - 7*m**4/24 - 3*m**2. Let u(w) be the second derivative of t(w). Give u(-4).
-20
Let h(n) = -2*n - 9. Let l(b) = -b**3 + 16*b**2 + 33*b + 46. Let c be l(18). Determine h(c).
7
Let n(i) = -3*i**3 + 10*i + 14. Let s(b) = 2*b**3 - 2*b**2 - 9*b - 13. Let q(m) = 3*n(m) + 4*s(m). What is q(-7)?
-17
Suppose 5*t + 51 = -9. Let q(g) = 2*g + 21. Determine q(t).
-3
Suppose 24 = -2*m + 24. Let g = 7 - 5. Suppose m = v + g. Let p(d) = 2*d - 1. What is p(v)?
-5
Let a(p) be the first derivative of p**4/12 + 5*p**3/6 + 3*p**2 - 6*p + 13. Let j(l) be the first derivative of a(l). Give j(-4).
2
Suppose 6*n = 3*n - 18. Let z(g) = 13 - 3*g + 4*g - 4 - 3. Determine z(n).
0
Suppose 3*j + 6 = 5*f + 44, 10 = j - f. Let u(t) = -t**2 + 5*t + 6. Calculate u(j).
0
Let l(n) = n**2 - n. Let k(h) be the second derivative of -5*h**4/12 + 2*h**3/3 + h**2/2 - h. Let u(q) = k(q) + 4*l(q). Let g be 95 + -87 + 2 + -10. Give u(g).
1
Let u be 6/((-1)/((-3)/6)). Suppose 0 = u*t - 0*t - 6. Let o(l) = 7*l**2 + 2*l**3 + l**3 + 6*l + 9 - t*l**3. Give o(-6).
9
Let z(w) = -2*w + 2*w - 5 - 4*w + w. Let u be (-10 + 1)/(-1 + (-25)/(-10)). Determine z(u).
13
Let c(k) = k**3 + 2*k**2 + 2*k + 4. Let q(j) = 2 + 9 - 2 + 2*j. Let f be q(-6). Determine c(f).
-11
Let r be ((-2)/10 + -3)*(-1 + -4). Suppose -2*s - r = o + 3*s, o - 3*s - 8 = 0. Let b(k) = 10*k**2 + k. What is b(o)?
9
Suppose -4*d - 4*k - 20 = 0, 4*d - k + 29 = -6. Let z be (-8)/30*3*100/d. Let m(o) be the third derivative of -o**4/24 + 2*o**3/3 + 4*o**2. Determine m(z).
-6
Let r(g) = -25*g + 13*g - 23 + 8*g + 22. Suppose -u - 5 = -3*i, -4*u + 12 = 3*i + i. Suppose -i*z - 2 = -3*z. Calculate r(z).
-9
Let p(t) = -4*t + 5*t + 2*t - 4*t - 13. Suppose 46*n = 104*n + 638. Calculate p(n).
-2
Let j(s) = 2*s**3 - 9*s**2 + 2*s. Suppose 0 = 6*a - 12 - 0. Let k(d) = -17*d**a - 6*d - d + 3*d**3 - 1 + 10*d. Let v(u) = -5*j(u) + 3*k(u). Determine v(-6).
3
Let d(y) = 3*y + 4. Let s(p) = 4*p + 5. Let i(b) = -5*d(b) + 4*s(b). Suppose 15 = -4*l + 31. What is i(l)?
4
Let x(g) be the second derivative of g**5/20 + 7*g**4/12 + 3*g**2 - 18*g. Determine x(-7).
6
Suppose 15*c - 19*c - 24 = 0. Let p(x) = -5*x**2 - 8*x + 8. Suppose 7*l + 16 = 3*l. Let j(r) = 14*r**2 + 23*r - 24. Let m(q) = l*j(q) - 11*p(q). Calculate m(c).
-4
Let w(v) = v + 1 + 6*v + 4. Let n(c) be the third derivative of c**3/6 - 5*c**2. Let f(q) = 3*n(q) - w(q). Give f(-2).
12
Let t(n) be the second derivative of -25/2*n**2 + 1/3*n**3 + 11*n + 0. Let u be t(11). Let q(h) = h**3 + 2*h**2 + 3. Give q(u).
-6
Suppose 2*g + 0*g = -12. Let y(r) be the second derivative of r**4/6 + 7*r**3/6 - 7*r**2/2 - 298*r. Give y(g).
23
Let i = 2 + -4. Let c be -77*((-15)/3)/5. Let b(w) = c*w - 149*w + 77*w. Calculate b(i).
-10
Let g(j) = j**2 - 4*j - 4. Suppos